{"id":125,"date":"2024-05-28T18:41:12","date_gmt":"2024-05-28T18:41:12","guid":{"rendered":"https:\/\/embio.com.mx\/tienda\/?post_type=product&#038;p=125"},"modified":"2025-08-08T18:38:58","modified_gmt":"2025-08-08T18:38:58","slug":"ngenla-24-mg","status":"publish","type":"product","link":"https:\/\/embio.com.mx\/tienda\/producto\/ngenla-24-mg\/","title":{"rendered":"Ngenla 24 mg"},"content":{"rendered":"<p>Somatrog\u00f3n<br \/>\n<strong>Soluci\u00f3n inyectable<\/strong><\/p>\n<p>Presentaci\u00f3n:<br \/>\nPluma prellenada de aplicaci\u00f3n semanal.<\/p>\n<p><strong><em>Recuerda:<\/em><\/strong><em> La venta de este medicamento requiere receta m\u00e9dica para su adquisici\u00f3n.<\/em><\/p>\n<p>Precio sujeto a cambios sin previo aviso.<\/p>\n<p><strong>Consulte a su m\u00e9dico.<\/strong><\/p>\n","protected":false},"excerpt":{"rendered":"<p>Ngenla contiene el principio activo somatrog\u00f3n, forma de administraci\u00f3n semanal v\u00eda subcut\u00e1nea \/ Laboratorio Pfizer<\/p>\n<p data-start=\"82\" data-end=\"207\"><strong data-start=\"82\" data-end=\"108\">\u00a1Premiamos tu lealtad!<\/strong><br data-start=\"108\" data-end=\"111\" \/>Puedes presentarnos tu receta m\u00e9dica v\u00eda <strong data-start=\"141\" data-end=\"153\">WhatsApp<\/strong> y recibe un <strong data-start=\"181\" data-end=\"204\">precio preferencial<\/strong>.<\/p>\n<p data-start=\"211\" data-end=\"244\">\u00a1Gracias por confiar en nosotros!<\/p>\n<p data-start=\"211\" data-end=\"244\">\n","protected":false},"featured_media":307,"template":"","meta":[],"product_brand":[],"product_cat":[17],"product_tag":[19],"class_list":{"0":"post-125","1":"product","2":"type-product","3":"status-publish","4":"has-post-thumbnail","6":"product_cat-hormona","7":"product_tag-somatrogon","9":"first","10":"instock","11":"purchasable","12":"product-type-simple"},"_links":{"self":[{"href":"https:\/\/embio.com.mx\/tienda\/wp-json\/wp\/v2\/product\/125","targetHints":{"allow":["GET"]}}],"collection":[{"href":"https:\/\/embio.com.mx\/tienda\/wp-json\/wp\/v2\/product"}],"about":[{"href":"https:\/\/embio.com.mx\/tienda\/wp-json\/wp\/v2\/types\/product"}],"wp:featuredmedia":[{"embeddable":true,"href":"https:\/\/embio.com.mx\/tienda\/wp-json\/wp\/v2\/media\/307"}],"wp:attachment":[{"href":"https:\/\/embio.com.mx\/tienda\/wp-json\/wp\/v2\/media?parent=125"}],"wp:term":[{"taxonomy":"product_brand","embeddable":true,"href":"https:\/\/embio.com.mx\/tienda\/wp-json\/wp\/v2\/product_brand?post=125"},{"taxonomy":"product_cat","embeddable":true,"href":"https:\/\/embio.com.mx\/tienda\/wp-json\/wp\/v2\/product_cat?post=125"},{"taxonomy":"product_tag","embeddable":true,"href":"https:\/\/embio.com.mx\/tienda\/wp-json\/wp\/v2\/product_tag?post=125"}],"curies":[{"name":"wp","href":"https:\/\/api.w.org\/{rel}","templated":true}]}}