{"id":113,"date":"2024-05-23T17:22:24","date_gmt":"2024-05-23T17:22:24","guid":{"rendered":"https:\/\/embio.com.mx\/tienda\/?post_type=product&#038;p=113"},"modified":"2025-08-08T18:41:07","modified_gmt":"2025-08-08T18:41:07","slug":"ngenla-60-mg","status":"publish","type":"product","link":"https:\/\/embio.com.mx\/tienda\/producto\/ngenla-60-mg\/","title":{"rendered":"Ngenla 60 mg"},"content":{"rendered":"<p>Somatrog\u00f3n<br \/>\n<strong>Soluci\u00f3n inyectable<\/strong><\/p>\n<p>Presentaci\u00f3n:<br \/>\nPluma prellenada de aplicaci\u00f3n semanal.<\/p>\n<p><strong><em>Recuerda:<\/em><\/strong><em> La venta de este medicamento requiere receta m\u00e9dica para su adquisici\u00f3n.<\/em><\/p>\n<p>Precio sujeto a cambios sin previo aviso.<\/p>\n<p><strong>Consulte a su m\u00e9dico.<\/strong><\/p>\n","protected":false},"excerpt":{"rendered":"<p>Ngenla contiene el principio activo somatrog\u00f3n, forma de administraci\u00f3n semanal v\u00eda subcut\u00e1nea \/ Laboratorio Pfizer<\/p>\n<p><strong>\u00a1Premiamos tu lealtad!<\/strong><br \/>\nPuedes presentarnos tu receta m\u00e9dica v\u00eda <strong>WhatsApp<\/strong> y recibe un <strong>precio preferencial<\/strong>.<\/p>\n<p>\u00a1Gracias por confiar en nosotros!<\/p>\n","protected":false},"featured_media":308,"template":"","meta":[],"product_brand":[],"product_cat":[17],"product_tag":[],"class_list":{"0":"post-113","1":"product","2":"type-product","3":"status-publish","4":"has-post-thumbnail","6":"product_cat-hormona","8":"first","9":"instock","10":"purchasable","11":"product-type-simple"},"_links":{"self":[{"href":"https:\/\/embio.com.mx\/tienda\/wp-json\/wp\/v2\/product\/113","targetHints":{"allow":["GET"]}}],"collection":[{"href":"https:\/\/embio.com.mx\/tienda\/wp-json\/wp\/v2\/product"}],"about":[{"href":"https:\/\/embio.com.mx\/tienda\/wp-json\/wp\/v2\/types\/product"}],"wp:featuredmedia":[{"embeddable":true,"href":"https:\/\/embio.com.mx\/tienda\/wp-json\/wp\/v2\/media\/308"}],"wp:attachment":[{"href":"https:\/\/embio.com.mx\/tienda\/wp-json\/wp\/v2\/media?parent=113"}],"wp:term":[{"taxonomy":"product_brand","embeddable":true,"href":"https:\/\/embio.com.mx\/tienda\/wp-json\/wp\/v2\/product_brand?post=113"},{"taxonomy":"product_cat","embeddable":true,"href":"https:\/\/embio.com.mx\/tienda\/wp-json\/wp\/v2\/product_cat?post=113"},{"taxonomy":"product_tag","embeddable":true,"href":"https:\/\/embio.com.mx\/tienda\/wp-json\/wp\/v2\/product_tag?post=113"}],"curies":[{"name":"wp","href":"https:\/\/api.w.org\/{rel}","templated":true}]}}